*a - 1. What is c(8)?
15
Let i(y) = 825*y + 4126. Calculate i(-5).
1
Let f(n) = 56*n + 333. What is f(-6)?
-3
Let l(a) = -a**3 + 20*a**2 - 143*a + 380. Give l(8).
4
Let f(g) = g**3 + 77*g**2 - 1809*g - 290. Calculate f(19).
-5
Let d(v) = 584*v + 3512. Determine d(-6).
8
Let y(g) = -11*g**2 - 530*g - 119. Determine y(-48).
-23
Let d(b) = -2*b**2 + 8*b + 17. What is d(5)?
7
Let r(d) = -105*d**3 - 3*d**2 - 11*d - 10. Calculate r(-1).
103
Let c(k) = -5*k**3 - 4*k**2 - 48*k + 139. Give c(3).
-176
Let h(v) = 371*v - 2228. Calculate h(6).
-2
Let h(r) = 2521*r - 15071. Determine h(6).
55
Let i(f) = 16*f**3 + 5*f**2 + 19*f + 15. What is i(-1)?
-15
Let s(v) = 2*v**2 + 148*v + 1686. Give s(-14).
6
Let z(q) = 2*q**3 + 11*q**2 - 14*q + 11. Determine z(-6).
59
Let m(v) = 9*v**2 + 13*v - 158. Calculate m(-5).
2
Let v(t) = 21*t + 128. Calculate v(-4).
44
Let j(t) = 61*t + 532. Give j(-9).
-17
Let y(i) = 3*i**2 - 10. What is y(0)?
-10
Let k(a) = 3*a**2 + 114*a - 375. Determine k(3).
-6
Let a(p) = p**3 + 8*p**2 + 20*p + 92. Calculate a(-7).
1
Let u(d) = 2*d**2 - 48*d + 277. Calculate u(9).
7
Let j(k) = 2*k**2 - 1467*k + 1465. Give j(1).
0
Let o(t) = -t**3 - 29*t**2 - 204*t + 46. What is o(-16)?
-18
Let a(c) = 27*c**2 + 45*c - 8. Determine a(-3).
100
Let x(l) = 43*l**3 - 5*l**2 + 11*l - 7. Calculate x(1).
42
Let p(b) = -18019*b - 216226. Calculate p(-12).
2
Let y(f) = -f**2 + 72*f - 1065. Determine y(21).
6
Let q(u) = 4722*u + 118039. Determine q(-25).
-11
Let l(a) = -12*a**2 - 14*a + 46. What is l(3)?
-104
Let g(b) = 211*b - 809. What is g(4)?
35
Let v(z) = z**2 + 21*z + 79. Determine v(-17).
11
Let l(g) = -g**2 + 330*g - 19467. Determine l(77).
14
Let w(x) = 2*x**3 + 56*x**2 + 5*x - 145. Give w(-28).
-285
Let g(z) = -133*z - 553. What is g(-11)?
910
Let g(u) = 62*u + 874. Determine g(-17).
-180
Let v(k) = -4*k**3 - 13*k**2 - 35*k + 9. Give v(-4).
197
Let y(o) = -81*o + 40. Give y(-2).
202
Let h(j) = -8*j + 86. Determine h(-6).
134
Let x(c) = 11*c + 66. Calculate x(-6).
0
Let w(p) = -p**3 - 25*p**2 - 101*p - 1843. Calculate w(-24).
5
Let h(y) = 96*y + 240. Calculate h(-2).
48
Let z(w) = 3*w**3 - 153*w**2 - 5*w + 264. What is z(51)?
9
Let o(n) = -3*n**3 - 77*n**2 + 29*n + 83. Calculate o(-26).
5
Let h(y) = 9*y - 120. What is h(-8)?
-192
Let b(m) = m**3 - 12*m**2 - 30*m + 308. What is b(10)?
-192
Let y(z) = 1376*z + 1403. Calculate y(-1).
27
Let r(f) = f**3 + 131*f**2 + 1097*f - 111. Determine r(-122).
11
Let g(t) = 127*t + 5712. Give g(-45).
-3
Let z(x) = -x**2 - 129*x + 4381. Calculate z(28).
-15
Let j(p) = -189*p - 4436. Give j(-24).
100
Let u(a) = 3*a**3 + 14*a**2 + 55*a + 714. Give u(-7).
-14
Let p(x) = -x**3 + 20*x**2 + 9*x - 304. Determine p(20).
-124
Let p(j) = -20*j - 63. Give p(-12).
177
Let c(x) = 136*x - 2978. What is c(22)?
14
Let h(u) = 3*u**3 - 275*u**2 - 70*u - 2020. Calculate h(92).
4
Let r(x) = -234*x - 19460. What is r(-83)?
-38
Let x(t) = t**2 - 47*t - 157. Calculate x(-3).
-7
Let q(k) = 3*k**3 + 347*k**2 - 114*k + 194. Determine q(-116).
-38
Let s(m) = -5*m**3 - 59*m**2 + 39*m + 324. Give s(-12).
0
Let c(r) = 4*r**2 + 806*r - 2422. Give c(3).
32
Let q(s) = s**2 + 42*s - 245. Determine q(-47).
-10
Let b(y) = 80*y - 760. What is b(9)?
-40
Let a(z) = 3*z**2 + 156*z + 773. What is a(-5)?
68
Let j(n) = -10*n**2 + 427*n + 56. Give j(43).
-73
Let n(c) = -67*c - 546. Determine n(-8).
-10
Let a(f) = f**3 + 8*f**2 - 185*f - 1486. Give a(-8).
-6
Let y(r) = 2*r - 116. Determine y(64).
12
Let p(w) = -2*w**3 + 39*w**2 - 18*w + 12. What is p(19)?
31
Let j(r) = r**2 + 12*r - 14. Give j(-5).
-49
Let k(h) = 222*h + 3115. Calculate k(-14).
7
Let c(j) = -2*j**3 - 17*j**2 - 28*j - 64. Determine c(-7).
-15
Let i(c) = 6*c**2 - 60*c + 225. What is i(4)?
81
Let n(o) = -6*o**2 + 277*o - 68. Determine n(46).
-22
Let q(h) = h**3 - 71*h**2 - 2*h + 147. Give q(71).
5
Let j(y) = -y**2 + 114*y + 1241. Calculate j(-10).
1
Let f(g) = 266*g + 2185. Determine f(-8).
57
Let a(r) = -r**2 - 55*r + 2686. What is a(31)?
20
Let r(c) = -c**3 - 116*c**2 + 991*c - 164. What is r(-124)?
-40
Let v(o) = -o**2 + 40*o + 224. Determine v(45).
-1
Let p(o) = 8*o**2 - 161*o + 803. What is p(10)?
-7
Let f(u) = -u**2 + 199*u - 2036. Calculate f(11).
32
Let b(x) = 3*x - 38. Give b(20).
22
Let y(t) = 46*t + 3637. Calculate y(-83).
-181
Let u(c) = -6388*c - 76652. Calculate u(-12).
4
Let l(n) = -42*n - 1841. Calculate l(-44).
7
Let y(l) = -l**2 - 2980*l + 14937. Calculate y(5).
12
Let s(l) = -l**3 - 9*l**2 + 57*l - 62. Give s(-9).
-575
Let c(w) = w**3 - 9*w**2 - 17*w - 17. What is c(13)?
438
Let p(s) = 5*s**2 + 180*s - 575. Determine p(-39).
10
Let w(s) = -10*s**2 - 110*s - 11. What is w(-12)?
-131
Let s(y) = y**2 + 15*y - 282. Calculate s(-25).
-32
Let b(z) = -19*z**2 - 95*z - 21. What is b(-4)?
55
Let h(t) = 67*t**2 + 332*t + 26. Calculate h(-5).
41
Let q(j) = -15*j**2 - 5*j + 19. Determine q(0).
19
Let w(z) = -202*z - 3032. Give w(-15).
-2
Let s(h) = h**3 - 35*h**2 + 8*h - 282. What is s(35)?
-2
Let w(x) = x**2 - 12*x + 14. Determine w(-6).
122
Let p(i) = 12*i + 751. What is p(-54)?
103
Let m(s) = -297*s + 17227. What is m(58)?
1
Let o(n) = -75*n - 4884. Give o(-66).
66
Let n(j) = -j**3 - 140*j**2 - 99*j + 5566. Calculate n(-139).
6
Let a(o) = -o**3 - 29*o**2 - 2*o - 30. Give a(-29).
28
Let w(h) = -3*h - 72. Give w(-13).
-33
Let r(k) = -265*k**2 + 2*k - 1. Give r(1).
-264
Let x(w) = 35*w - 14. Calculate x(-19).
-679
Let k(t) = t**2 - 28*t + 65. Determine k(22).
-67
Let r(a) = 7*a + 890. Calculate r(-66).
428
Let u(s) = s**3 - 101*s**2 - 311*s + 87. Calculate u(104).
191
Let f(x) = -2*x - 108. Give f(-1).
-106
Let b(p) = 2*p**3 - 112*p**2 - 357*p + 183. Calculate b(59).
6
Let v(w) = 51*w**2 + 2*w. Determine v(-1).
49
Let z(y) = -y**2 - 71*y + 780. What is z(10)?
-30
Let p(s) = -s**2 - 6*s + 1019. Determine p(29).
4
Let o(a) = -34*a - 674. Calculate o(-24).
142
Let t(q) = -9*q**3 - 2*q**2 - q - 3. Calculate t(-2).
63
Let j(g) = 5*g**2 + 57*g + 171. What is j(-7)?
17
Let o(b) = -b**3 - 75*b**2 - 27*b - 2. What is o(0)?
-2
Let a(r) = 67*r + 724. Give a(-21).
-683
Let j(w) = -w**3 - 6*w**2 + 77*w + 59. Give j(-12).
-1
Let n(w) = -w**2 - 10*w - 7. What is n(-9)?
2
Let y(n) = n**3 - 16*n**2 + 19*n + 29. Determine y(12).
-319
Let p(d) = 11*d - 62. Calculate p(7).
15
Let m(o) = -212*o**2 + 226*o + 226. Calculate m(-1).
-212
Let n(u) = -123*u**2 - 8*u - 1. Give n(-1).
-116
Let p(i) = 1294*i - 10335. Determine p(8).
17
Let b(i) = -2*i**2 + 145*i + 15. Determine b(70).
365
Let j(b) = 45*b - 1506. Determine j(33).
-21
Let p(d) = -85*d**2 - 2465*d - 9. Determine p(-29).
-9
Let t(s) = -s**2 - 11*s + 106. Determine t(-18).
-20
Let h(u) = u**2 + 21*u + 73. Determine h(-12).
-35
Let v(d) = 760*d + 10640. Determine v(-14).
0
Let q(n) = 10*n + 27. What is q(-1)?
17
Let r(q) = 563*q + 6756. Give r(-12).
0
Let a(p) = -180*p - 61. Determine a(-3).
479
Let f(u) = 103*u - 2074. What is f(20)?
-14
Let a(w) = -2*w**2 - 34*w - 15. Calculate a(-18).
-51
Let t(x) = -104*x + 1664. Give t(16).
0
Let r(i) = 3*i**3 - 99*i**2 - 105*i + 93. What is r(34)?
-9
Let c(l) = 373*l + 9332. Give c(-25).
7
Let l(r) = -16*r**2 - 230*r + 5. What is l(-14)?
89
Let x(p) = -3391*p - 3371. Determine x(-1).
20
Let p(w) = -w**3 - 46*w**2 + 92*w - 97. Calculate p(-48).
95
Let n(y) = 76*y**3 - 1139*y**2 - 21*y + 87. What is n(15)?
-3
Let u(f) = -f**2 - 41*f + 186. Give u(-47).
-96
Let d(n) = 302*n + 91500. Give d(-303).
-6
Let x(d) = 104*d + 20459. Give x(-197).
-29
Let u(y) = -y**3 + 39*y**2 - 169*y + 126. Calculate u(34).
160
Let h(y) = 2*y**2 - 298*y + 2490. Determine h(9).
-30
Let m(k) = k**3 + 13*k**2 - 10*k - 29. What is m(-13)?
101
Let u(d) = -d**3 + 14*d**2 + 143*d - 1. What is u(-7)?
27
Let b(n) = -4*n**3 - 296*n**2 + 603*n - 382. What is b(-76)?
-2
Let p(w) = 1001*w + 113110. Give p(-113).
-3
Let o(x) = -x**3 - 24*x**2 + 93*x + 40. Determine o(-28).
572
Let m(v) = v**2 - 20*v - 133. Determine m(26).
23
Let f(x) = x**3 + 7*x**2 - 6*x - 147. Determine f(-6).
-75
Let o(p) = -753*p - 407379. Give o(-541).
-6
Let s(l) = 14*l + 92. Determine s(-7).
-6
Let p(n) = -101*n - 493. What is p(-5)?
12
Let s(r) = 18*r + 38. Determine s(-7).
-88
Let d(h) = h**3 - h**2 + 415*h - 1247. Determine d(3).
16
Let x(p) = 38*p + 929. Calculate x(-23).
55
Let g(